{"id":1728,"date":"2022-06-17T21:43:32","date_gmt":"2022-06-17T20:43:32","guid":{"rendered":"https:\/\/lobjetsimplicite.com\/?page_id=1728"},"modified":"2025-08-24T16:45:48","modified_gmt":"2025-08-24T15:45:48","slug":"mes-services","status":"publish","type":"page","link":"https:\/\/lobjetsimplicite.com\/?page_id=1728","title":{"rendered":"Ma M\u00e9thode"},"content":{"rendered":"\n<p class=\"wp-block-paragraph\"><\/p>\n\n\n\n<p class=\"has-text-align-center has-primary-background-color has-background coblocks-animate wp-block-paragraph\" data-coblocks-animation=\"slideInLeft\">D\u00c9SENCOMBREMENT \/ RANGEMENT \/ TRI \/ ORGANISATION\/ CLASSEMENT \/ SIMPLIFICATION<\/p>\n\n\n\n<p class=\"has-text-align-center has-primary-background-color has-background coblocks-animate wp-block-paragraph\" data-coblocks-animation=\"slideInLeft\">Tu veux reprendre le contr\u00f4le de ta maison, simplifier ta vie, r\u00e9duire ton stress et gagner du temps ? D\u00e9sencombrer tes placards, tes espaces et ton esprit ?<\/p>\n\n\n\n<p class=\"has-text-align-center has-primary-background-color has-background coblocks-animate wp-block-paragraph\" data-coblocks-animation=\"slideInLeft\">\u00c9COLOGIE \/ ANTI-GASPILLAGE \/ Z\u00c9RO D\u00c9CHET \/ FAIBLE IMPACT CARBONE \/ VIE SAINE \/ NATUREL<\/p>\n\n\n\n<p class=\"has-text-align-center has-primary-background-color has-background coblocks-animate wp-block-paragraph\" data-coblocks-animation=\"slideInLeft\">Tu veux r\u00e9duire ton empreinte sur l\u2019environnement avec un mode de vie \u00c9co-citoyen\/Z\u00e9ro D\u00e9chet ? Changer tes habitudes et devenir plus \u00e9co-responsable ? \u00c9voluer vers une vie plus saine et verte ?<\/p>\n\n\n\n<p class=\"has-text-align-center has-primary-background-color has-background coblocks-animate wp-block-paragraph\" data-coblocks-animation=\"slideInLeft\" style=\"font-size:21px\"><strong>Tu ne sais pas par o\u00f9 commencer ? <\/strong><\/p>\n\n\n\n<p class=\"has-text-align-center has-primary-background-color has-background coblocks-animate wp-block-paragraph\" data-coblocks-animation=\"slideInLeft\" style=\"font-size:21px\"><strong>Tu as des craintes et des doutes pour te lancer ?<\/strong><\/p>\n\n\n\n<h1 class=\"wp-block-heading has-text-align-center\">&nbsp;&nbsp;&nbsp;<strong>Je peux t&rsquo;y aider par le coaching !<\/strong><\/h1>\n\n\n\n<p class=\"has-text-align-center has-custom-weight wp-block-paragraph\" style=\"font-weight:normal\">Je te propose des s\u00e9ances \u00e0 distance ou \u00e0 domicile (<strong>\u00e0 Marseille \/ Aix-en-Provence<\/strong>) pour tout t&rsquo;apprendre sur les astuces <em><span style=\"text-decoration: underline;\">Rangement \/ Organisation et\/ou \u00c9co-citoyennes \/ Z\u00e9ro D\u00e9chet<\/span><\/em>,&nbsp; de la th\u00e9orie \u00e0 la pratique, par les \u00e9tapes suivantes :<\/p>\n\n\n\n<p class=\"wp-block-paragraph\">1) <strong><mark style=\"background-color:rgba(0, 0, 0, 0)\" class=\"has-inline-color has-primary-color\">VIDER<\/mark><\/strong> l&rsquo;espace en question<\/p>\n\n\n\n<p class=\"wp-block-paragraph\">2) <strong><mark style=\"background-color:rgba(0, 0, 0, 0)\" class=\"has-inline-color has-primary-color\">CAT\u00c9GORISER<\/mark><\/strong> les objets\/v\u00eatements<\/p>\n\n\n\n<p class=\"wp-block-paragraph\">3) <strong><mark style=\"background-color:rgba(0, 0, 0, 0)\" class=\"has-inline-color has-primary-color\">PRENDRE CONSCIENCE<\/mark><\/strong> du surplus<\/p>\n\n\n\n<p class=\"wp-block-paragraph\">4) <strong><mark style=\"background-color:rgba(0, 0, 0, 0)\" class=\"has-inline-color has-primary-color\">TRIER<\/mark><\/strong> les objets \u00e0 garder \/ \u00e0 \u00e9vacuer<\/p>\n\n\n\n<p class=\"wp-block-paragraph\">5) <strong><mark style=\"background-color:rgba(0, 0, 0, 0)\" class=\"has-inline-color has-primary-color\">AM\u00c9NAGER<\/mark><\/strong> les espaces (optionnel)<\/p>\n\n\n\n<p class=\"wp-block-paragraph\">6) <strong><mark style=\"background-color:rgba(0, 0, 0, 0)\" class=\"has-inline-color has-primary-color\">RANGER<\/mark><\/strong>, ordonner, optimiser<\/p>\n\n\n\n<p class=\"has-text-align-left has-custom-weight wp-block-paragraph\" style=\"font-weight:normal\">Afin de :<\/p>\n\n\n\n<ul class=\"wp-block-list\">\n<li>gagner du <strong><mark style=\"background-color:rgba(0, 0, 0, 0)\" class=\"has-inline-color has-secondary-color\">TEMPS<\/mark><\/strong><\/li>\n<\/ul>\n\n\n\n<ul class=\"wp-block-list\">\n<li>gagner de l&rsquo;<strong><mark style=\"background-color:rgba(0, 0, 0, 0)\" class=\"has-inline-color has-secondary-color\">ESPACE<\/mark><\/strong><\/li>\n<\/ul>\n\n\n\n<ul class=\"wp-block-list\">\n<li>gagner en <strong><mark style=\"background-color:rgba(0, 0, 0, 0)\" class=\"has-inline-color has-secondary-color\">SANT<\/mark><\/strong><mark style=\"background-color:rgba(0, 0, 0, 0)\" class=\"has-inline-color has-secondary-color\"><strong>\u00c9 \/ \u00c9NERGIE<\/strong><\/mark><\/li>\n<\/ul>\n\n\n\n<ul class=\"wp-block-list\">\n<li>\u00e9conomiser de l&rsquo;<strong><mark style=\"background-color:rgba(0, 0, 0, 0)\" class=\"has-inline-color has-secondary-color\">ARGENT<\/mark><\/strong><\/li>\n<\/ul>\n\n\n\n<p class=\"has-text-align-center wp-block-paragraph\">De plus, je r\u00e9alise des accessoires textiles pour les pratiques \u00e9cologiques\/Z\u00e9ro D\u00e9chet avec une conception \u00e9thique et de qualit\u00e9. <strong>N&rsquo;h\u00e9sites pas \u00e0 visiter la boutique<\/strong>.<\/p>\n\n\n\n<div class=\"wp-block-buttons is-content-justification-center is-layout-flex wp-container-core-buttons-is-layout-3e41869c wp-block-buttons-is-layout-flex\">\n<div class=\"wp-block-button\"><a class=\"wp-block-button__link wp-element-button\" href=\"https:\/\/lobjetsimplicite.com\/?post_type=product\">BOUTIQUE<\/a><\/div>\n<\/div>\n\n\n\n<p class=\"has-text-align-center wp-block-paragraph\" style=\"font-size:28px\"><span style=\"text-decoration: underline;\">Mon offre coaching<\/span> : Diagnostic + Plan d&rsquo;action\/Planning + Bilan<\/p>\n\n\n\n<div class=\"wp-block-group is-vertical is-layout-flex wp-container-core-group-is-layout-2c90304e wp-block-group-is-layout-flex\">\n<p class=\"has-text-align-center wp-block-paragraph\"><strong>Le RANGEMENT est avant tout une doctrine extr\u00eamement compl\u00e8te<\/strong>, qui va toucher tous les espaces de ta maison !<br> Je peux t&rsquo;accompagner dans cette belle aventure qui est devenu ma passion.<\/p>\n\n\n\n<p class=\"has-text-align-center wp-block-paragraph\">Je te guiderai, pour que tu ailles le plus efficacement possible vers un mode de vie confortable et responsable !  <\/p>\n\n\n\n<p class=\"has-text-align-center wp-block-paragraph\">Et en prime d\u00e9couvrir le mode de vie \u00c9co-citoyen \/ Z\u00e9ro D\u00e9chet, c&rsquo;est une v\u00e9ritable opportunit\u00e9 pour se donner les moyens d&rsquo;agir et d&rsquo;\u00eatre heureux de contribuer \u00e0 la transition \u00e9cologique.<\/p>\n<\/div>\n\n\n\n<div class=\"wp-block-buttons is-content-justification-center is-layout-flex wp-container-core-buttons-is-layout-3e41869c wp-block-buttons-is-layout-flex\">\n<div class=\"wp-block-button\"><a class=\"wp-block-button__link wp-element-button\" href=\"https:\/\/lobjetsimplicite.com\/?page_id=3\">CONTACT<\/a><\/div>\n<\/div>\n\n\n\n<p class=\"wp-block-paragraph\"><\/p>\n","protected":false},"excerpt":{"rendered":"<p>D\u00c9SENCOMBREMENT \/ RANGEMENT \/ TRI \/ ORGANISATION\/ CLASSEMENT \/ SIMPLIFICATION Tu veux reprendre le contr\u00f4le de ta maison, simplifier ta vie, r\u00e9duire ton stress et gagner du temps ? D\u00e9sencombrer tes placards, tes espaces et ton esprit ? \u00c9COLOGIE \/ ANTI-GASPILLAGE \/ Z\u00c9RO D\u00c9CHET \/ FAIBLE IMPACT CARBONE \/ VIE SAINE \/ NATUREL Tu veux<a class=\"more-link\" href=\"https:\/\/lobjetsimplicite.com\/?page_id=1728\">Lire la suite <span class=\"screen-reader-text\">\u00ab\u00a0Ma M\u00e9thode\u00a0\u00bb<\/span><\/a><\/p>\n","protected":false},"author":131634038,"featured_media":1958,"parent":0,"menu_order":0,"comment_status":"closed","ping_status":"closed","template":"","meta":{"_coblocks_attr":"HelveticaGeorgia,Arvo,Lato,Roboto,Karla,Arial,Times New Roman,","_coblocks_dimensions":"","_coblocks_responsive_height":"","_coblocks_accordion_ie_support":"","_crdt_document":"","advanced_seo_description":"","jetpack_seo_html_title":"","jetpack_seo_noindex":false,"footnotes":""},"class_list":["post-1728","page","type-page","status-publish","has-post-thumbnail","hentry","entry"],"jetpack_likes_enabled":true,"jetpack_sharing_enabled":true,"jetpack_shortlink":"https:\/\/wp.me\/P9sy8D-rS","amp_enabled":true,"_links":{"self":[{"href":"https:\/\/lobjetsimplicite.com\/index.php?rest_route=\/wp\/v2\/pages\/1728","targetHints":{"allow":["GET"]}}],"collection":[{"href":"https:\/\/lobjetsimplicite.com\/index.php?rest_route=\/wp\/v2\/pages"}],"about":[{"href":"https:\/\/lobjetsimplicite.com\/index.php?rest_route=\/wp\/v2\/types\/page"}],"author":[{"embeddable":true,"href":"https:\/\/lobjetsimplicite.com\/index.php?rest_route=\/wp\/v2\/users\/131634038"}],"replies":[{"embeddable":true,"href":"https:\/\/lobjetsimplicite.com\/index.php?rest_route=%2Fwp%2Fv2%2Fcomments&post=1728"}],"version-history":[{"count":100,"href":"https:\/\/lobjetsimplicite.com\/index.php?rest_route=\/wp\/v2\/pages\/1728\/revisions"}],"predecessor-version":[{"id":4597,"href":"https:\/\/lobjetsimplicite.com\/index.php?rest_route=\/wp\/v2\/pages\/1728\/revisions\/4597"}],"wp:featuredmedia":[{"embeddable":true,"href":"https:\/\/lobjetsimplicite.com\/index.php?rest_route=\/wp\/v2\/media\/1958"}],"wp:attachment":[{"href":"https:\/\/lobjetsimplicite.com\/index.php?rest_route=%2Fwp%2Fv2%2Fmedia&parent=1728"}],"curies":[{"name":"wp","href":"https:\/\/api.w.org\/{rel}","templated":true}]}}